actors of 1087574?
2, 543787
What are the prime factors of 658943?
658943
What are the prime factors of 320808?
2, 3, 13367
List the prime factors of 3549961.
199, 17839
What are the prime factors of 1067782?
2, 59, 9049
List the prime factors of 11299.
11299
List the prime factors of 95719.
13, 37, 199
What are the prime factors of 911787?
3, 491, 619
List the prime factors of 918811.
71, 12941
List the prime factors of 11696902.
2, 7, 271, 3083
What are the prime factors of 4666465?
5, 933293
List the prime factors of 1786480.
2, 5, 137, 163
What are the prime factors of 10325098?
2, 7, 737507
What are the prime factors of 209320?
2, 5, 5233
List the prime factors of 273211.
47, 5813
What are the prime factors of 1137780?
2, 3, 5, 7, 43
What are the prime factors of 1459116?
2, 3, 40531
What are the prime factors of 2993229?
3, 83, 4007
List the prime factors of 2114055.
3, 5, 109, 431
List the prime factors of 84603.
3, 28201
What are the prime factors of 6014582?
2, 7, 43, 97, 103
List the prime factors of 65481.
3, 13, 23, 73
List the prime factors of 38172713.
241, 158393
List the prime factors of 804066.
2, 3, 17, 7883
List the prime factors of 15381638.
2, 61, 126079
What are the prime factors of 428627?
71, 6037
What are the prime factors of 15695754?
2, 3, 2615959
List the prime factors of 15745551.
3, 31, 169307
List the prime factors of 20317.
11, 1847
List the prime factors of 4999079.
199, 25121
List the prime factors of 7951988.
2, 11, 17, 10631
List the prime factors of 6358134.
2, 3, 29, 36541
What are the prime factors of 18562620?
2, 3, 5, 19, 857
What are the prime factors of 394494?
2, 3, 37, 1777
What are the prime factors of 17962864?
2, 1122679
List the prime factors of 8866632.
2, 3, 127, 2909
What are the prime factors of 234572?
2, 13, 347
List the prime factors of 2857103.
37, 2087
What are the prime factors of 1982886?
2, 3, 563, 587
What are the prime factors of 2173110?
2, 3, 5, 17, 4261
What are the prime factors of 531383?
531383
List the prime factors of 9794404.
2, 61, 137, 293
What are the prime factors of 814701?
3, 19, 14293
List the prime factors of 1663210.
2, 5, 59, 2819
List the prime factors of 90528.
2, 3, 23, 41
What are the prime factors of 711187?
711187
What are the prime factors of 20983986?
2, 3, 1165777
What are the prime factors of 863905?
5, 7, 24683
What are the prime factors of 307922?
2, 29, 5309
List the prime factors of 6662415.
3, 5, 541, 821
List the prime factors of 5807529.
3, 7, 13, 1013
List the prime factors of 563505.
3, 5, 37567
What are the prime factors of 2398473?
3, 7, 11, 3461
What are the prime factors of 311933?
17, 59, 311
What are the prime factors of 170101?
170101
List the prime factors of 812089.
457, 1777
List the prime factors of 4382111.
1933, 2267
List the prime factors of 76145.
5, 97, 157
List the prime factors of 413434.
2, 7, 29531
What are the prime factors of 26853275?
5, 29, 37039
List the prime factors of 6314836.
2, 11, 143519
List the prime factors of 617835.
3, 5, 41189
What are the prime factors of 643661?
643661
List the prime factors of 191065.
5, 7, 53, 103
What are the prime factors of 170251?
61, 2791
List the prime factors of 23162775.
3, 5, 47, 6571
List the prime factors of 819536.
2, 17, 23, 131
What are the prime factors of 5394093?
3, 31, 1871
What are the prime factors of 2996526?
2, 3, 13, 41, 937
List the prime factors of 1901670.
2, 3, 5, 63389
What are the prime factors of 294436?
2, 73609
What are the prime factors of 2102280?
2, 3, 5, 17519
What are the prime factors of 999262?
2, 11, 53, 857
What are the prime factors of 43828?
2, 10957
List the prime factors of 3755313.
3, 41, 10177
List the prime factors of 6271355.
5, 547, 2293
List the prime factors of 7128353.
7128353
List the prime factors of 7402811.
13, 569447
What are the prime factors of 150284?
2, 37571
List the prime factors of 19429889.
193, 100673
What are the prime factors of 8560292?
2, 13, 164621
What are the prime factors of 659572?
2, 164893
What are the prime factors of 12269550?
2, 3, 5, 157, 521
List the prime factors of 962602.
2, 481301
What are the prime factors of 55754?
2, 61, 457
What are the prime factors of 1915216?
2, 119701
List the prime factors of 1856905.
5, 23, 67, 241
List the prime factors of 1639548.
2, 3, 17, 19, 47
What are the prime factors of 145382?
2, 157, 463
What are the prime factors of 72695?
5, 7, 31, 67
What are the prime factors of 479694?
2, 3, 31, 2579
What are the prime factors of 7136680?
2, 5, 178417
What are the prime factors of 14901753?
3, 241, 20611
List the prime factors of 40029.
3, 11, 1213
List the prime factors of 14668917.
3, 23, 212593
What are the prime factors of 1206123?
3, 337, 1193
What are the prime factors of 1036329?
3, 7, 61, 809
What are the prime factors of 186311?
186311
What are the prime factors of 107450?
2, 5, 7, 307
List the prime factors of 6527399.
199, 32801
List the prime factors of 514256.
2, 32141
List the prime factors of 1946241.
3, 11, 6553
List the prime factors of 24788245.
5, 73, 113, 601
List the prime factors of 1413045.
3, 5, 1163
What are the prime factors of 4803623?
11, 436693
What are the prime factors of 167923?
7, 23, 149
List the prime factors of 12528510.
2, 3, 5, 417617
What are the prime factors of 936934?
2, 53, 8839
List the prime factors of 287908.
2, 167, 431
List the prime factors of 212334.
2, 3, 43, 823
What are the prime factors of 310988?
2, 77747
What are the prime factors of 3660875?
5, 29287
List the prime factors of 45088.
2, 1409
List the prime factors of 1219013.
31, 39323
What are the prime factors of 638607?
3, 212869
What are the prime factors of 984277?
7, 140611
What are the prime factors of 654975?
3, 5, 41, 71
List the prime factors of 12756448.
2, 19, 20981
What are the prime factors of 651152?
2, 40697
List the prime factors of 445794.
2, 3, 191, 389
What are the prime factors of 581669?
11, 52879
What are the prime factors of 23885095?
5, 13, 419, 877
List the prime factors of 281508.
2, 3, 23459
List the prime factors of 254197.
254197
List the prime factors of 1313119.
587, 2237
List the prime factors of 1366378.
2, 13, 52553
List the prime factors of 2735787.
3, 101, 9029
List the prime factors of 1267859.
1267859
List the prime factors of 1822886.
2, 13, 70111
What are the prime factors of 2555?
5, 7, 73
What are the prime factors of 241343?
241343
What are the prime factors of 439292?
2, 7, 29, 541
What are the prime factors of 650069?
7, 92867
What are the prime factors of 488431?
293, 1667
List the prime factors of 280446.
2, 3, 43, 1087
What are the prime factors of 1419845?
5, 7, 113, 359
What are the prime factors of 111735?
3, 5, 13, 191
List the prime factors of 13576341.
3, 1877, 2411
List the prime factors of 16882187.
7, 43, 56087
What are the prime factors of 283459?
11, 73, 353
List the prime factors of 611669.
113, 5413
List the prime factors of 1791425.
5, 131, 547
What are the prime factors of 4648738?
2, 293, 7933
List the prime factors of 7818492.
2, 3, 11, 61, 971
What are the prime factors of 2854839?
3, 13, 71, 1031
List the prime factors of 196858.
2, 98429
What are the prime factors of 43278?
2, 3, 7213
What are the prime factors of 14900113?
23, 29, 89, 251
What are the prime factors of 18022983?
3, 11, 546151
List the prime factors of 7588019.
97, 137, 571
What are the prime factors of 170395?
5, 53, 643
What are the prime factors of 3005977?
13, 31, 7459
List the prime factors of 735248.
2, 45953
List the prime factors of 2160394.
2, 17, 63541
List the prime factors of 215494.
2, 107747
List the prime factors of 1876229.
347, 5407
List the prime factors of 2518843.
31, 193, 421
What are the prime factors of 7383643?
1429, 5167
List the prime factors of 353863.
47, 7529
What are the prime factors of 159341?
7, 13, 17, 103
List the prime factors of 17244605.
5, 7, 283, 1741
What are the prime factors of 441909?
3, 13, 1259
What are the prime factors of 2463250?
2, 5, 59, 167
List the prime factors of 1009215.
3, 5, 41, 547
List the prime factors of 228667.
17, 13451
What are the prime factors of 310699?
89, 3491
What are the prime factors of 169?
13
What are the prime factors of 255787?
7, 36541
What are the prime fa